= 705*k. Is k composite?
True
Is 88/11 - (-25 - 179746) prime?
True
Suppose -h + 8 + 247 = 0. Let d = -6 + h. Is d a composite number?
True
Let q(t) = -t + 25. Let s be q(23). Let i be ((-4)/(-1) - -1299)*(s + -1). Let x = i + -792. Is x a composite number?
True
Let y = 16 - -29. Suppose u = 6*u - y. Suppose 4*p = -3*f + 3827, 3*f + u = -0*f. Is p a composite number?
True
Let u(o) be the third derivative of -o**8/3360 - o**7/280 - o**6/360 - o**5/24 + o**4/2 - 16*o**2. Let p(r) be the second derivative of u(r). Is p(-7) prime?
False
Let w = -133204 + 238997. Is w composite?
True
Let o be 2218652/(16/(-4)) - 7. Is (8/6)/((-120)/o) prime?
True
Let l be -6*2/10*(0 + 5). Is (338/l - (-4)/1)*-3 prime?
True
Let j(p) be the first derivative of 62*p**2 + p + 235. Let b be (-1)/3 - 10/(-3). Is j(b) a prime number?
True
Let c(i) = -3030*i**3 + 2*i**2 - 12*i - 33. Is c(-2) a prime number?
True
Let f = 17000 + -10479. Is f composite?
False
Suppose 4*l + 10*l = -87556. Let u = -4365 - l. Is u a prime number?
True
Suppose 0 = 3*c + 4*p + 5, -6*c = -2*c - 5*p - 45. Suppose 867 + 26209 = 4*l - 3*s, c*s = -20. Suppose -l = -7*h - 1404. Is h a prime number?
False
Suppose -5*f + f + 4*h + 24 = 0, 0 = 2*f + 2*h. Suppose 0 = -2*l + 8, 3*l - 19 = -f*z + 5*l. Suppose 0 = z*g + g - 6130. Is g a prime number?
True
Suppose -7*f + 4*f = -a + 17282, -69167 = -4*a - f. Is a a composite number?
False
Let g(o) = 305*o + 363. Let y be g(-47). Let h = y - -23249. Is h prime?
True
Let b(q) = q**3 + 2*q - 2. Let z be b(0). Let n(r) = -84*r - 1. Let c(o) = -83*o - 1. Let f(k) = z*n(k) + 3*c(k). Is f(-18) a prime number?
False
Suppose 0 = 6*j + 7*j + 18707. Let y = -168 - j. Is y prime?
False
Let q(v) = v**3 + 11*v**2 - 15*v - 32. Let l be q(-12). Suppose -4*j + 2*j + 5124 = 4*u, 0 = j + l*u - 2558. Is j a prime number?
False
Let x(w) = w**3 - 18*w**2 + 18*w - 161. Is x(40) a prime number?
True
Let v = -340 + 1281. Suppose -1960 = -3*o - 4*r + v, -4*o - 3*r + 3875 = 0. Is o composite?
False
Let m = 217 - 185. Is 2/4 + 460624/m a composite number?
True
Let i = -12 + 12. Let y = i + 3. Suppose 0 = 4*l - y*l - 799. Is l a prime number?
False
Let h(p) = 9*p**3 + 2*p**2 - 6*p - 3. Let g be h(-3). Is (-218225)/g + 1/(-6) a composite number?
False
Let h be (-2673202)/(-168) - 2/(-24). Let v = -9443 + h. Is v a prime number?
True
Let i = 223 - 226. Is (754/(-6) + i/(-18))*-4 composite?
True
Is (-1324233)/21*(-203)/87 prime?
True
Let w = 3 + -17. Let s be -1228*w/2*3/6. Suppose 96*f - s = 94*f. Is f composite?
True
Let q(u) = 9*u**3 + 4*u**2 - 4*u - 9. Let y be q(-11). Is (1*y)/(-10) + 5 a composite number?
False
Suppose -3*y + 232671 = 6*k, 0 = k - 2*y - 12147 - 26654. Is k a composite number?
False
Suppose 4*b = -4, -4*j + 7*b = 12*b - 2490831. Is j prime?
True
Let h(r) = 3 + 34 + 8*r - 16*r. Let c be h(5). Is 2/c + 1 - 893/(-3) prime?
False
Let s = -126 + 130. Suppose s*v + 3*x = 6*v - 4997, 2*v - 5*x - 4991 = 0. Is v a composite number?
False
Is ((-64)/(-16))/(4/20469)*1 a prime number?
False
Let i(q) = -q**2 - q + 12. Let n be i(0). Let k be (12/(-8))/((-6)/n). Suppose 0 = k*w + 4*w - 1757. Is w a prime number?
True
Suppose -2*o = -4*p + 42162, 2*o - 2*p + 63625 - 21459 = 0. Let r = 13912 + o. Is (2 - 7/3)/(3/r) a composite number?
False
Let d = -112052 - -255493. Is d prime?
False
Is (-1122)/(-33)*91651/14 a prime number?
False
Is (3 - 12) + (55138 + -5 - -3) a prime number?
True
Let z = -107069 - -213156. Is z a prime number?
True
Suppose 52298 + 77224 = 13*c + 3565. Is c a prime number?
True
Suppose -8*c + 74972 = -9396. Is c a composite number?
True
Suppose -4*k - 11 = y, -5*k + 2*k = 5*y + 72. Let s be (2 + 1)*y/(-9). Suppose 0 = 2*x + 5*m - 7*m - 2802, 6985 = s*x + 5*m. Is x prime?
True
Suppose -2*f - 4676 = 5*x, 7*x = -4*f + 12*x - 9412. Is 1/(((-20)/5)/f) composite?
False
Let t(h) be the first derivative of 7*h**5/60 - h**4/6 - 5*h**3/6 + 7*h**2 + 15. Let a(w) be the second derivative of t(w). Is a(6) a prime number?
True
Let z(k) = -9964*k + 26. Let g be z(-4). Suppose 30*r - 86928 = g. Is r a composite number?
True
Suppose 5*k - 4*n + 40 = -29, -k = -n + 14. Let i be (-6385)/k - 10/65. Suppose z - 1552 + i = 0. Is z composite?
False
Suppose h - 106834 - 60839 = 5*s, -5*h = -s - 838317. Is h a composite number?
False
Let z = 614950 + 2654553. Is z composite?
False
Let o = -56437 - -95214. Is o a prime number?
False
Suppose 5 = -10*u - 35. Let p(r) = -96*r**3 - 2*r**2 - 8*r - 23. Is p(u) a composite number?
False
Let x(w) = 31*w**2 - 21*w + 55. Let o be (-8 - -7)/((-4)/(-44)). Is x(o) prime?
False
Let p(r) = r**3 - 29*r**2 - 17*r + 18. Let b(i) = 2*i**3 - 57*i**2 - 35*i + 34. Let f(l) = 4*b(l) - 9*p(l). Is f(33) a prime number?
False
Let g = -42708 + 119399. Is g a composite number?
True
Let l = 82554 - -25573. Is l a composite number?
False
Suppose -24*b - 2 = -22*b. Let x(o) = -4*o**3 + 9*o**2 + 2*o - 12. Let g(r) = -r**3 + r**2 + r + 1. Let z(i) = b*x(i) + 3*g(i). Is z(7) composite?
False
Suppose y = -3*b + 11739 + 2060, 5 = y. Let w = b + -3244. Suppose -w = -4*n + 114. Is n composite?
False
Let m(x) = 12*x**2 - 25*x + 8*x - 2*x - 11*x + 11. Is m(18) composite?
False
Is -25*(87245/(-20))/(40/32) prime?
False
Let p(a) = 57597*a - 6460. Is p(7) a composite number?
False
Let r = -6487 - -2763. Let b = r + 7925. Is b composite?
False
Let f(s) be the third derivative of s**6/30 - 11*s**5/60 + s**4/4 + 37*s**3/6 - 5*s**2 - 20. Is f(6) a composite number?
False
Suppose -4*m - 1348202 = -6*l, -3*m = 3*l + 331728 - 1005819. Is l a composite number?
False
Let k = 225669 - 73431. Suppose -9*p - 327 = -k. Is p composite?
False
Let t = -932 - -982. Let v(x) = x**3 - 36*x**2 + 13*x + 21. Is v(t) composite?
False
Suppose 4*v + t + 3 = -1, 12 = 2*v - 3*t. Suppose v = -3*l - 2 - 1. Is 4*l - (0 + -1253) a prime number?
True
Let y be (-5)/(-2) + (-7)/14. Suppose n + 3 = y*n. Suppose 3*k = -n*k + 1266. Is k prime?
True
Is (-2)/29 + ((-8340845)/(-145) - 8) prime?
False
Let s(x) = -x**3 - 8*x**2 - 3*x - 24. Let f be s(-8). Suppose f = 226*q - 235*q + 126459. Is q composite?
False
Suppose 34*n + 936031 = 3*l + 29*n, -5*l + 1560037 = -n. Is l a composite number?
False
Let n(q) = -3*q**2 - 21*q + 17. Let w(v) = 2*v**2 + 22*v - 17. Suppose 0 = m - 3 - 0. Let o(h) = m*n(h) + 4*w(h). Is o(16) prime?
True
Let c(u) = -29*u**3 + 5588*u - 5585*u - 3*u**2 - 185*u**3 + 7. Is c(-3) composite?
False
Suppose 0 = -17*x - 9*x - 78. Is (-12)/x - -7278 - (0 + 5) composite?
True
Suppose -4*n + 1713713 = 3*r, 3*n = r - 182766 - 388502. Is r prime?
False
Let p(j) = -54*j**3 - 4*j**2 - 8*j - 5. Let n be p(-4). Let x = 228 + n. Is x a composite number?
True
Suppose 8*k - 5*k = -7*k + 315310. Is k composite?
False
Let f(b) = 5*b**2 + 0*b - 9 - 2*b + 9*b. Suppose 4*z = -5*m - 57 + 4, -2*z = 4*m + 34. Is f(z) a composite number?
True
Is -565 - -560 - (-1 - 83215*5) composite?
False
Suppose 2430529 - 8143872 = -17*b. Is b prime?
True
Let q = 618 - 3437. Let s = q - -7807. Suppose 0 = 12*h - 8*h - s. Is h a prime number?
False
Let a(j) = -2408*j**3 + 2*j**2 - 43*j - 116. Is a(-3) a composite number?
True
Suppose -9*p - 28 = 242. Let d be 2/(-2) - 1*p/6. Suppose -3*w = -0*w + 2*k - 565, 0 = -5*w + d*k + 971. Is w a prime number?
True
Let c(i) = 3 - 2 - i + 15*i**2 - 16*i**2. Let l(s) = 10*s - 5. Let g(h) = -4*c(h) + l(h). Is g(-10) a composite number?
False
Let g(i) = 60*i**2 + 44*i + 193. Is g(-18) a composite number?
True
Let r(a) = -2*a**2 + 14*a + 18. Let l be r(8). Suppose 0 = -3*i + 5*q + 14, -l*i + 4*q + 18 = 5*q. Is -10*2/i*-514 composite?
True
Suppose 48*y - 2759378 = -4*y - 502630. Is y a composite number?
False
Let j = -70008 + 112035. Is j a prime number?
False
Let d = 61 - 74. Let r(y) = -5*y - 36. Let m(v) = -v**2 + 4*v + 36. Let c(i) = -6*m(i) - 7*r(i). Is c(d) prime?
True
Suppose 5520 = 2*l + 2*l. Suppose l = -2*n + 6*n. Suppose -5*x + 3620 - n = 0. Is x a composite number?
True
Let f be (27/(-6))/(9/(-24)). Let s be (92/(-20) - -5) + f/(-5). Is (4 + 55/(-5))/(s/194) a composite number?
True
Let n(c) = 2*c**2 - 53248 + 6*c + 53271 - 2*c. Suppose -9 = 3*k - 2*k. Is n(k) composite?
False
Suppose 459*u - 4989 = 456*u. Is u a composite number?
False
Is 4/(-2) + 37390806/262 a composite number?
False
Let n(